eatest common factor of 239 and 2070457?
239
What is the greatest common factor of 33175 and 275?
25
What is the greatest common factor of 2166110 and 212?
106
Calculate the greatest common factor of 737736 and 708.
708
Calculate the highest common factor of 270 and 1282770.
270
What is the highest common factor of 2537920 and 35?
35
Calculate the greatest common factor of 11275 and 41800.
275
What is the greatest common divisor of 3795 and 690?
345
Calculate the greatest common factor of 1356 and 156.
12
What is the highest common divisor of 386 and 140311?
193
Calculate the greatest common divisor of 414 and 1018026.
414
Calculate the greatest common divisor of 34508 and 24.
4
Calculate the highest common factor of 22 and 10615.
11
Calculate the greatest common divisor of 311080 and 385.
385
What is the highest common factor of 18 and 31804?
2
What is the highest common factor of 292 and 15980?
4
What is the greatest common factor of 1955 and 127857?
391
What is the greatest common factor of 12325 and 35235?
145
Calculate the highest common factor of 323723 and 1143.
127
What is the greatest common factor of 785 and 364711?
157
Calculate the highest common factor of 8 and 404.
4
What is the greatest common divisor of 5880 and 96600?
840
Calculate the highest common factor of 198 and 55099.
11
Calculate the highest common factor of 29562 and 390.
78
Calculate the greatest common factor of 665712 and 276.
276
What is the highest common factor of 3984266 and 286?
286
Calculate the highest common factor of 10848 and 27459.
339
What is the greatest common factor of 78219 and 675?
27
Calculate the highest common divisor of 304 and 4636.
76
Calculate the greatest common factor of 84557 and 11.
11
Calculate the greatest common divisor of 71944 and 7912.
184
Calculate the greatest common divisor of 197724 and 12.
12
Calculate the highest common factor of 4460 and 123765.
1115
What is the greatest common factor of 5481 and 13797?
189
Calculate the highest common factor of 2550 and 98430.
510
Calculate the highest common factor of 83 and 90470.
83
What is the greatest common factor of 2494 and 17114?
86
What is the greatest common divisor of 13041 and 29169?
63
Calculate the greatest common divisor of 12 and 381.
3
What is the highest common divisor of 322273 and 1421?
49
What is the greatest common divisor of 24301 and 703?
19
What is the greatest common divisor of 34072 and 16?
8
What is the greatest common factor of 6030 and 90?
90
Calculate the greatest common divisor of 186 and 6390.
6
Calculate the greatest common factor of 140 and 232590.
10
What is the greatest common divisor of 16200 and 1200?
600
What is the highest common divisor of 2662 and 726?
242
Calculate the highest common divisor of 63 and 203007.
21
Calculate the greatest common factor of 97584 and 321.
321
Calculate the greatest common divisor of 503100 and 20.
20
What is the greatest common factor of 104 and 53612?
52
What is the highest common factor of 874 and 16836?
46
Calculate the greatest common divisor of 112 and 156758.
14
What is the greatest common divisor of 2607402 and 42?
42
Calculate the greatest common divisor of 4316 and 1417.
13
What is the greatest common divisor of 27 and 635337?
27
What is the greatest common divisor of 19464 and 804?
12
What is the highest common factor of 104 and 6988?
4
What is the greatest common factor of 6 and 157926?
6
What is the greatest common factor of 257900 and 100?
100
Calculate the highest common divisor of 3901 and 55693.
83
What is the greatest common divisor of 2617202 and 1491?
497
What is the highest common divisor of 1840860 and 15?
15
What is the greatest common divisor of 17591 and 3675?
49
Calculate the highest common factor of 126753 and 552.
69
Calculate the highest common factor of 10158 and 18.
6
What is the greatest common factor of 49551 and 166?
83
What is the greatest common divisor of 26 and 29089502?
26
What is the greatest common factor of 179354 and 20609?
557
Calculate the highest common divisor of 65093 and 357.
119
What is the highest common divisor of 1288 and 115616?
8
Calculate the highest common factor of 10337069 and 83.
83
What is the highest common divisor of 6303 and 66?
33
Calculate the highest common divisor of 180 and 201816.
36
Calculate the greatest common divisor of 322 and 256634.
322
What is the highest common divisor of 1096 and 208?
8
What is the greatest common factor of 628432 and 2170?
434
What is the greatest common factor of 1131 and 1834482?
1131
What is the highest common divisor of 1463 and 111986?
133
Calculate the greatest common factor of 153 and 2781.
9
Calculate the highest common divisor of 29945 and 6095.
265
Calculate the highest common divisor of 100 and 15220.
20
Calculate the highest common factor of 162498 and 219.
219
Calculate the greatest common divisor of 1947 and 275825.
649
What is the highest common divisor of 663641 and 22?
11
What is the highest common factor of 50 and 313775?
25
What is the highest common divisor of 29911 and 14?
7
Calculate the highest common divisor of 61998 and 42.
6
Calculate the highest common factor of 133722 and 5175.
207
What is the highest common factor of 3276 and 9513?
63
Calculate the greatest common divisor of 464364 and 36.
36
Calculate the highest common factor of 9420 and 228.
12
What is the highest common divisor of 7456 and 256?
32
What is the greatest common divisor of 10152 and 1701?
27
Calculate the highest common factor of 658 and 260286.
94
What is the greatest common factor of 11315 and 3875?
155
What is the greatest common divisor of 56 and 4108?
4
What is the highest common divisor of 240 and 46960?
80
What is the highest common factor of 24 and 113592?
24
Calculate the greatest common factor of 66128 and 64.
16
Calculate the highest common factor of 99 and 19239.
33
What is the highest common divisor of 66 and 114?
6
Calculate the greatest common divisor of 912 and 12048.
48
Calculate the greatest common divisor of 19076 and 1748.
76
Calculate the highest common factor of 9620 and 41440.
740
Calculate the greatest common factor of 402742 and 474.
158
What is the highest common factor of 60 and 123945?
15
Calculate the greatest common divisor of 7393675 and 8900.
2225
What is the greatest common divisor of 2709 and 78948?
387
What is the highest common divisor of 248814 and 4140?
414
Calculate the greatest common divisor of 1456 and 29484.
364
What is the greatest common divisor of 5835 and 1923?
3
Calculate the greatest common divisor of 4282762 and 33.
11
Calculate the highest common factor of 900 and 1503.
9
Calculate the greatest common factor of 558 and 13361.
31
Calculate the highest common divisor of 4018 and 1558.
82
Calculate the greatest common factor of 9 and 111123.
9
Calculate the highest common divisor of 60 and 1729260.
60
What is the highest common divisor of 332 and 25979?
83
Calculate the greatest common divisor of 28917 and 1547.
119
What is the highest common factor of 812 and 4396?
28
What is the highest common divisor of 78210 and 77?
11
What is the highest common divisor of 1131 and 369317?
13
Calculate the highest common divisor of 40 and 561485.
5
Calculate the highest common factor of 96084 and 612.
612
Calculate the highest common divisor of 4823 and 12766.
13
Calculate the highest common divisor of 286235 and 131.
131
Calculate the highest common factor of 78851 and 1856.
29
Calculate the highest common divisor of 215735 and 13.
13
What is the greatest common divisor of 869288 and 344?
344
Calculate the greatest common factor of 1343 and 8040541.
1343
Calculate the highest common divisor of 19799 and 117.
13
Calculate the highest common divisor of 2310 and 132660.
330
Calculate the highest common factor of 232296 and 96.
24
Calculate the greatest common factor of 10864 and 3780.
28
What is the highest common factor of 6403988 and 76?
76
Calculate the highest common divisor of 209 and 736.
1
What is the greatest common factor of 1092 and 996576?
84
Calculate the highest common factor of 8399718 and 18.
18
Calculate the highest common factor of 1198 and 581629.
599
What is the highest common divisor of 103 and 854591?
103
Calculate the greatest common factor of 36 and 68022.
18
Calculate